alculate the highest common divisor of 30 and z.
10
Suppose -8*t + 459 = 123. Calculate the greatest common factor of t and 63.
21
Let i = 145 - 0. Calculate the highest common factor of 29 and i.
29
Let t(o) = -o**3 - 2*o**2 + 16*o. Let m be t(-7). What is the greatest common divisor of m and 19?
19
Suppose 5*c = 2*c + 15. Let h = 17 - c. Let x be 2/(-7) - 86/(-7). What is the highest common factor of h and x?
12
Let j = 130 - -5. Let k = -45 - -94. Suppose -k - 26 = -5*f. What is the highest common divisor of j and f?
15
Let c = 5 - -4. Suppose -1 = 2*d - 3*m + 9, m = 4*d. Calculate the highest common divisor of c and d.
1
Let q be 4/(1*(-4)/(-4)). Suppose q*m - 132 = -2*l, 2*m = 4*m + 4. What is the greatest common factor of 28 and l?
14
Let s = 968 + -621. Let c = -248 + s. What is the highest common factor of 9 and c?
9
Suppose -2*z + 142 = -0*f - f, 2*f = z - 68. What is the highest common factor of z and 9?
9
Let v(j) = 11*j - 4. Let l be v(7). Suppose 0*p - g = 2*p - l, 0 = 2*p - 5*g - 103. Let u = 31 + -5. What is the greatest common divisor of u and p?
13
Let m(k) = 3*k - 1. Let q be m(2). Suppose v - 4*r - 22 = 0, 2*v - q*r - 44 = -2*v. Let c be 3*5/(5/2). Calculate the highest common factor of c and v.
6
Suppose 91 = 5*i + 3*m - 6*m, 5*i - m - 87 = 0. Calculate the highest common factor of 85 and i.
17
Let q be (0 - 6/4)/((-72)/1920). What is the greatest common divisor of q and 16?
8
Let t = 9 + -6. Suppose 3*j + 15 = 4*j. Calculate the highest common factor of t and j.
3
Let q be -2 + 1 - (-23 + 1). Suppose 30 + q = v. Let y(m) = 2*m**2 + 3*m - 20. Let r be y(-6). What is the greatest common factor of v and r?
17
Let y = 14 + 11. What is the highest common divisor of y and 225?
25
Let r be 10/(-4) - 3/(-2). Let f be (-4)/(-8)*(r - -5). What is the highest common factor of f and 16?
2
Suppose -3*d + 26 = -d. Let n = 213 + -50. Let r = n - 98. What is the greatest common factor of d and r?
13
Let u be -15*1 + 0 + 3. Let h be (-112)/u - 2/6. Calculate the highest common divisor of h and 45.
9
Let w(x) = -10*x - 8. Let r be w(-6). Calculate the greatest common factor of r and 13.
13
Let d(n) = 3*n - 2. Let j be d(2). Suppose -q + 4*v + 240 = j*q, -4*v - 96 = -2*q. Calculate the highest common divisor of q and 32.
16
Let j(d) = -4*d**3 - 6*d**2 - 6*d - 1. Let q be j(-4). Suppose -q - 587 = -5*r. What is the highest common factor of r and 14?
14
Suppose -4*j = -3*r + 36, 3*j - r + 0*r + 27 = 0. Let m = 18 + j. Let h be (0 - (-4)/3)*m. What is the highest common divisor of 6 and h?
6
Let b(z) = 11*z**2 - 1. Let a be b(3). What is the greatest common divisor of a and 14?
14
Let w = 5 + 0. Suppose 0 = -w*d + 5, j = 2*d - d + 39. Calculate the greatest common factor of j and 100.
20
Suppose -117 = -2*p + 61. Suppose 4*z + 3*a + p = 0, -3 = 2*a + 3. Let d be (-16)/(-10) - 8/z. What is the highest common divisor of 14 and d?
2
Suppose -4*l - 17 = 43. Let w = -13 - l. Calculate the greatest common divisor of w and 16.
2
Let p(s) = -s**2 + 8*s - 5. Let u be p(5). Calculate the greatest common factor of u and 40.
10
Suppose -14 + 74 = 4*x. Let w = -60 - -35. Let a = w - -70. Calculate the highest common factor of x and a.
15
Suppose -2*t + 25 = 3*t. Suppose t*o - 70 = -5*z, -4*o - o + 30 = z. What is the highest common factor of z and 50?
10
Suppose 5*w - 2*w - 108 = 0. Suppose 3*z + 4 = 2*l + 21, -2*z - 7 = -5*l. Calculate the greatest common divisor of w and z.
9
Let p(a) = a**2 + 10*a + 12. Let f be p(-9). Suppose 2*q = 3*q. Suppose q = -3*z + 33 + 39. What is the greatest common factor of z and f?
3
Let p be -3*1 - (4 + -17). Calculate the greatest common divisor of p and 1.
1
Suppose -3*i = -4*i - 5, -2*i + 2 = -4*c. Let f(v) = -v**3 + 4*v. Let j be f(c). Calculate the highest common divisor of j and 165.
15
Suppose c + 33 = 2*f, -4*c = -7*f + 4*f + 47. What is the greatest common factor of 85 and f?
17
Suppose -4*w = 11 - 27. Suppose 2*z + 2 = 3*z. Let k be (z/w)/(4/1224). What is the highest common factor of 17 and k?
17
Let g(v) = -2 + 8*v**3 - 5*v**2 - 9 + 3 - 8*v. Let l be g(-6). Let f be l/(-18) - (-4)/18. What is the highest common factor of 13 and f?
13
Let n be 48/20*(2 - -3). What is the greatest common divisor of n and 18?
6
Let y be (-4)/3 - (-316)/3. Calculate the greatest common factor of 13 and y.
13
Let c(k) = -7*k + 21. Let n be c(-19). Calculate the highest common divisor of 22 and n.
22
Let c(o) = 2*o**2 - 2. Let r be c(2). Let j be -1 - 4/(-1) - -2. Suppose -a - j*w = -21, -5*a = 2*w + 2 - 38. Calculate the greatest common divisor of r and a.
6
Let t be 124/10 - (-4)/(-10). Suppose 0 = -o + 2*o + 28. Let j be o/3*3*-3. What is the greatest common divisor of j and t?
12
Suppose 9 = w + 2*w. Suppose -3*h = -t - 7, 14 = h - w*h - 4*t. Calculate the greatest common factor of 2 and h.
1
Let q(j) = 2*j**2 + j - 9. Let o be q(3). What is the highest common divisor of 12 and o?
12
Let m be 1206/72 + 2/8. Let v(w) = -137*w - 1. Suppose 2*i - 3*r + 6 = r, -3*i + 3*r = 6. Let c be v(i). Calculate the greatest common divisor of m and c.
17
Suppose -2 = -3*b - 5. Let f be 0 - b - 3/3. Suppose -4*g + 62 - 2 = f. What is the greatest common factor of g and 5?
5
Let k be (-5)/(-7) - 20/(-70). Calculate the greatest common divisor of 3 and k.
1
Let s = -3 - -7. Suppose -s*y = -4, -2*p - 4*y + 20 = 2*p. Calculate the greatest common divisor of 1 and p.
1
Let g(t) = 2*t**3 - 2*t**2 + 5*t + 3. Let q be (-8)/(-2)*(-2)/(-2). Let c be g(q). What is the greatest common divisor of 17 and c?
17
Suppose 0 = 3*b + b. Suppose -36 - 44 = -g - y, -3*g - 2*y + 244 = b. Suppose 7*u - 36 = 4*u. What is the highest common factor of u and g?
12
Let o(x) = 6*x**2 - 3*x - 3. Let s be o(4). Let r be s/(2 + (-6)/4). What is the greatest common factor of 18 and r?
18
Let m(p) = -4*p - 10. Let i be m(-3). Suppose 2*b = -i*b + 320. Calculate the highest common factor of 32 and b.
16
Let a(w) = -5*w. Let x be a(-5). Calculate the highest common factor of x and 10.
5
Let y be 92 - (3 - 0 - 0). Let x = y + -62. Suppose -q + 24 = 5*c, -2*c = -5*c + 9. Calculate the greatest common divisor of x and q.
9
Let s be (96/56)/(4/98). Calculate the greatest common factor of 210 and s.
42
Suppose 215 = 4*b - 5*k, -b + 59 = -k + 5*k. What is the greatest common factor of 11 and b?
11
Let l be 1880/12 - (-2)/(-3). What is the greatest common factor of 39 and l?
39
Let v(b) = b**2 - 5*b - 6. Let j be v(6). Suppose -5*u + 3*d = 2 - 17, u - 2*d + 4 = j. Calculate the greatest common factor of 6 and u.
6
Let z = -2 - -42. Suppose -5*g = -200 + 25. Suppose 3*n - 48 = 4*j, -g = -n - 0*n - 5*j. What is the greatest common divisor of n and z?
20
Let q(s) = -s**3 - s + 63. Let y be q(0). Calculate the greatest common divisor of 9 and y.
9
Let f be (126/35)/((-6)/(-20)). Let x be f/((-1)/((-3)/6)). Calculate the greatest common factor of 6 and x.
6
Suppose 0 = 3*g + 5*w - 14, -3*g - w = 2*g - 16. Calculate the highest common factor of 1 and g.
1
Suppose 5*h + 2 = 27. Calculate the highest common factor of 25 and h.
5
Let g = -21 + 35. Suppose -30 = -c + g. Calculate the greatest common divisor of c and 11.
11
Let x(g) = -g**2 - 8*g - 3. Let d be x(-6). Calculate the greatest common factor of 27 and d.
9
Let f(a) = a**3 + 6*a**2 - 8*a - 3. Let y be f(-7). Suppose 0 = -y*r + 76. What is the greatest common factor of r and 38?
19
Let j = 52 + -41. What is the greatest common divisor of j and 77?
11
Let x be 20/3*12/2. Let y(f) = -2*f - 2. Let k be y(2). Let g be (k/4)/((-6)/400). Calculate the greatest common factor of x and g.
20
Let s = 157 - 132. Let a(h) be the second derivative of h**3/2 - 2*h**2 - h. Let o be a(3). What is the highest common divisor of o and s?
5
Let w(u) = -71*u - 1. Let m be w(-5). Suppose -3*s = -m - 246. Calculate the greatest common factor of s and 25.
25
Suppose -5 + 1 = -c. Calculate the highest common divisor of c and 4.
4
Let c(s) = -s**2 + 24*s + 1. Let w be c(13). What is the greatest common divisor of 18 and w?
18
Suppose -80 - 40 = -4*w. Calculate the greatest common factor of 60 and w.
30
Suppose 208 = 4*o - 4*l, -4*l = -2*l + 4. What is the highest common factor of o and 10?
10
Suppose -d = 9*d - 360. What is the greatest common factor of 9 and d?